 the greatest common factor of 7926 and 78003729?
3963
What is the greatest common factor of 24240 and 42855?
15
Calculate the greatest common factor of 13165 and 5160.
5
Calculate the greatest common factor of 210 and 265778100.
210
What is the greatest common divisor of 1662944 and 136276?
628
What is the greatest common factor of 30634015 and 284?
71
Calculate the greatest common factor of 116010 and 1145.
5
Calculate the highest common factor of 1321756624 and 16.
16
What is the highest common divisor of 1164 and 722604?
12
Calculate the highest common divisor of 63 and 62592948.
9
What is the greatest common factor of 223013 and 7?
7
Calculate the greatest common divisor of 261664 and 320.
32
Calculate the greatest common divisor of 30 and 14242850.
10
Calculate the greatest common divisor of 8232568 and 160.
8
What is the greatest common divisor of 476 and 290354492?
68
What is the greatest common divisor of 48846261 and 4041?
1347
What is the highest common factor of 1214 and 32281474?
1214
What is the greatest common divisor of 65387490 and 168?
42
Calculate the greatest common divisor of 28424 and 211208.
136
Calculate the greatest common divisor of 260159337 and 4734.
2367
What is the highest common divisor of 702693617 and 866?
433
Calculate the highest common divisor of 32668064 and 12980.
2596
Calculate the greatest common divisor of 116 and 1236589.
29
Calculate the greatest common divisor of 301 and 126825748.
301
Calculate the greatest common divisor of 527982 and 28969386.
5802
Calculate the greatest common divisor of 573300 and 133900.
1300
Calculate the greatest common factor of 2476050 and 250.
50
What is the greatest common factor of 5508 and 48076?
68
Calculate the highest common divisor of 163835 and 148735.
755
Calculate the highest common factor of 499 and 3819793603.
499
What is the highest common divisor of 9777 and 11109?
3
What is the greatest common divisor of 498 and 476589735?
249
What is the highest common factor of 192144462 and 1154?
1154
Calculate the highest common divisor of 674826 and 32289.
141
What is the highest common factor of 80784807 and 87?
87
Calculate the greatest common divisor of 44 and 15464647.
11
What is the greatest common divisor of 9403163 and 1309?
77
What is the highest common divisor of 1010 and 26023870?
10
What is the highest common factor of 14863284 and 108?
108
Calculate the highest common divisor of 165 and 948585.
165
What is the greatest common divisor of 6350 and 469825?
25
What is the highest common divisor of 1325 and 152560765?
265
What is the highest common divisor of 1056753 and 27?
27
What is the highest common divisor of 376818 and 1092?
78
Calculate the greatest common factor of 4488 and 1765896.
264
Calculate the greatest common divisor of 1143 and 4175412147.
1143
Calculate the highest common factor of 352 and 630718000.
176
Calculate the highest common divisor of 14 and 17812389.
7
Calculate the greatest common divisor of 12297620 and 160.
20
What is the highest common divisor of 476 and 16067618?
238
What is the highest common divisor of 3890825 and 425?
25
Calculate the highest common divisor of 546918 and 3.
3
Calculate the highest common factor of 72199 and 44848320.
4247
What is the greatest common divisor of 379957126 and 586?
586
What is the greatest common divisor of 41795937 and 315?
9
Calculate the highest common divisor of 4758624 and 410.
82
Calculate the greatest common factor of 262812 and 2736.
12
What is the greatest common factor of 925 and 9943075?
25
What is the highest common factor of 35916369 and 328?
41
Calculate the highest common divisor of 61002687 and 303.
303
Calculate the greatest common factor of 283100550 and 43575.
6225
Calculate the highest common divisor of 184 and 33441632.
184
What is the greatest common factor of 15455300 and 280?
140
What is the greatest common factor of 488402 and 472?
118
What is the greatest common divisor of 3348 and 4759632?
36
Calculate the greatest common divisor of 43 and 43301903.
43
Calculate the highest common divisor of 401 and 43339679.
401
Calculate the highest common factor of 16627 and 166595.
13
Calculate the greatest common factor of 59 and 36044575.
59
What is the highest common divisor of 66732212 and 124?
124
Calculate the greatest common divisor of 226394 and 415108.
314
Calculate the highest common factor of 24039 and 3141.
9
Calculate the highest common divisor of 24242 and 1816042.
1054
What is the greatest common factor of 123 and 1792828689?
123
Calculate the greatest common divisor of 4450947 and 282.
141
What is the greatest common factor of 1196 and 206834124?
92
Calculate the greatest common factor of 3655 and 537810589.
731
Calculate the highest common divisor of 805 and 10009715.
115
Calculate the highest common factor of 26 and 28634437.
13
What is the greatest common factor of 19279212 and 6486?
282
Calculate the greatest common factor of 58964503 and 26.
13
What is the highest common divisor of 10080 and 7871640?
840
Calculate the greatest common factor of 163369070 and 186.
62
What is the highest common divisor of 15303568 and 256?
16
Calculate the greatest common factor of 3079549 and 913.
913
What is the greatest common factor of 11825 and 76730275?
1075
Calculate the highest common divisor of 589 and 428150579.
589
What is the greatest common factor of 1238 and 25280579?
619
Calculate the greatest common divisor of 17332 and 109396.
28
What is the highest common divisor of 4023150 and 1950?
150
Calculate the highest common factor of 6538956 and 24.
12
What is the greatest common factor of 1915839 and 1836?
27
Calculate the greatest common factor of 3592440 and 6057.
9
Calculate the highest common factor of 15939 and 490791.
21
What is the highest common factor of 279 and 923060247?
93
Calculate the greatest common factor of 256 and 53056.
64
What is the highest common factor of 93 and 3897568?
31
Calculate the highest common factor of 35327 and 73.
1
What is the highest common factor of 203301 and 45129?
147
What is the greatest common factor of 381006279 and 3?
3
What is the highest common divisor of 13982527 and 4615?
923
Calculate the highest common divisor of 208 and 663494.
26
What is the greatest common divisor of 1269 and 263871?
27
What is the greatest common divisor of 5124 and 258660801?
1281
What is the greatest common divisor of 87590 and 3470?
10
What is the highest common divisor of 44604898 and 34424?
8606
Calculate the highest common factor of 6738 and 558369076.
2246
Calculate the highest common divisor of 135 and 212765.
5
Calculate the highest common factor of 6104 and 48653458.
1526
Calculate the greatest common factor of 35 and 47715682.
7
Calculate the greatest common divisor of 1562 and 1484384.
22
What is the greatest common divisor of 909714 and 741?
39
What is the greatest common divisor of 139 and 104235127?
139
Calculate the highest common divisor of 957841 and 5916.
29
Calculate the highest common factor of 105980480 and 40.
40
Calculate the greatest common factor of 52543815 and 4952.
619
Calculate the highest common divisor of 329609402 and 470.
94
What is the highest common divisor of 15920775 and 139815?
585
Calculate the greatest common factor of 18 and 1437491466.
18
What is the highest common divisor of 5248 and 199808416?
1312
Calculate the highest common divisor of 488 and 16097672.
8
What is the highest common factor of 3025300 and 2200?
100
Calculate the highest common divisor of 49556 and 29640.
52
Calculate the highest common factor of 11275 and 978014.
41
What is the highest common factor of 2816 and 203291?
11
What is the greatest common divisor of 36139912 and 86600?
3464
What is the highest common divisor of 882 and 202815018?
882
Calculate the greatest common factor of 70047 and 3943917.
387
What is the highest common divisor of 7922 and 89114?
34
Calculate the highest common divisor of 1330 and 25254705.
665
What is the greatest common factor of 27354 and 28997277?
291
Calculate the greatest common factor of 12031642 and 107821.
1477
Calculate the highest common divisor of 932029 and 492499.
1127
Calculate the highest common divisor of 86209023 and 1634.
817
Calculate the highest common factor of 40123181 and 2996.
749
